{"success":true,"title":"Vid\u00e9o","content":"\u003Cdiv id=\u0022video-detail-modal\u0022 class=\u0022modal fade\u0022 style=\u0022\u0022  tabindex=\u0022-1\u0022 role=\u0022dialog\u0022\u003E\n    \u003Cdiv class=\u0022modal-dialog \u0022 role=\u0022document\u0022\u003E\n          \u003Cdiv class=\u0022modal-content\u0022\u003E\n                                              \u003Cdiv class=\u0022modal-body\u0022\u003E\n                      \u003Cdiv class=\u0022video-detail-modal-content\u0022\u003E\n        \u003Cdiv class=\u0022video-detail-content\u0022\u003E\n\n            \u003Cdiv class=\u0022video-detail-content-top\u0022\u003E\n                \u003Cdiv class=\u0022video-heading-infos\u0022\u003E\n                    \u003Cdiv class=\u0022row align-items-center\u0022\u003E\n                        \u003Cdiv class=\u0022col-12\u0022\u003E\n                            \u003Cdiv class=\u0022casting-heading casting-heading-primary casting-heading-border casting-heading-border-full\u0022\u003E\n                                \u003Cp class=\u0022h5 casting-heading-title\u0022\u003EVid\u00e9o de pr\u00e9sentation\u003C\/p\u003E\n                                \u003Cdiv class=\u0022casting-heading-tools\u0022\u003E\n                                    \u003Cbutton type=\u0022button\u0022 class=\u0022close\u0022 data-dismiss=\u0022modal\u0022 aria-label=\u0022Fermer\u0022\u003E\u003Cspan aria-hidden=\u0022true\u0022\u003E\u0026times;\u003C\/span\u003E\u003C\/button\u003E\n                                \u003C\/div\u003E\n                            \u003C\/div\u003E\n                            \u003Cp class=\u0022video-info-meta\u0022\u003E\n                                \n                                                                                                    \n                                \n                                \u003Cspan class=\u0022casting-video-date\u0022\u003E\u003Ci class=\u0022fi flaticon-calendar\u0022\u003E\u003C\/i\u003E \u003Cspan class=\u0022lbl\u0022\u003E28\/04\/2024\u003C\/span\u003E\u003C\/span\u003E\n                            \u003C\/p\u003E\n                        \u003C\/div\u003E\n                    \u003C\/div\u003E\n                \u003C\/div\u003E\n            \u003C\/div\u003E\n\n            \u003Cdiv class=\u0022video-box\u0022\u003E\n                \u003Cdiv class=\u0022video-detail-preview\u0022\u003E\n                    \u003Cdiv class=\u0022embed-responsive embed-responsive-16by9 video video-type-2\u0022\u003E\n    \u003Cvideo class=\u0022embed-responsive-item\u0022 controls  poster=\u0022https:\/\/www.casting.fr\/assets\/cache\/video_poster\/video_preview\/e\/7\/5\/95c69288a4c5bc885c7f50fd896c81577995aa9c.jpg\u0022\u003E\n        \u003Csource src=\u0022https:\/\/www.casting.fr\/files\/videos\/mp4\/3b490e5fa12612a63fb4d25dfd521be3a45800a2.mp4\u0022 type=\u0022video\/mp4\u0022\u003E\n        Your browser does not support the video tag or the file format of this video.    \u003C\/video\u003E\n\u003C\/div\u003E\n                \u003C\/div\u003E\n            \u003C\/div\u003E\n\n            \u003Cdiv class=\u0022video-detail-infos\u0022\u003E\n                \u003Cdiv class=\u0022row align-items-center\u0022\u003E\n                    \u003Cdiv class=\u0022col-12\u0022\u003E\n                        \u003Cdiv class=\u0022casting-heading\u0022\u003E\n                            \u003Cdiv class=\u0022casting-heading-tools\u0022\u003E\n                                \u003Cdiv class=\u0022video-info-meta\u0022\u003E\n                                    \u003Cspan class=\u0022casting-video-artist\u0022\u003E\u003Ci class=\u0022fi flaticon-user\u0022\u003E\u003C\/i\u003E Melnnelson\u003C\/span\u003E\n                                    \u003Cspan class=\u0022casting-video-duration\u0022\u003E\u003Ci class=\u0022fi flaticon-clock\u0022\u003E\u003C\/i\u003E 01:36\u003C\/span\u003E\n                                \u003C\/div\u003E\n                            \u003C\/div\u003E\n                        \u003C\/div\u003E\n                    \u003C\/div\u003E\n\n                    \u003Cdiv class=\u0022col-12\u0022\u003E\n                        \u003Cdiv class=\u0022video-detail-description\u0022\u003E\n                            \u003Cdiv class=\u0022wysiwyg-content\u0022\u003E\n                                Aimant le domaine de l\u0026#039;art, j\u0026#039;ai toujours \u00e9t\u00e9 attir\u00e9e par le milieu de la photographie en tant que mod\u00e8le ou dans le cin\u00e9ma en tant que figurante.\u003Cbr \/\u003E\r\nSouriante et perseverante, je fais d\u0026#039;abord \u00e7a pour le plaisir et n\u0026#039;h\u00e9siterai pas \u00e0 faire le travail comme il se doit !\u003Cbr \/\u003E\r\n\u003Cbr \/\u003E\r\nToujours dans l\u0026#039;esprit de voir plus loin, je suis ouverte \u00e0 l\u0026#039;id\u00e9e d\u0026#039;un r\u00f4le dans le cin\u00e9ma ou \u00e0 d\u0026#039;autres propositions.\u003Cbr \/\u003E\r\n\u003Cbr \/\u003E\r\nR\u00eaver ne fait de mal \u00e0 personne !\u003Cbr \/\u003E\r\n\u003Cbr \/\u003E\r\nN\u0026#039;h\u00e9sitez pas \u00e0 contacter !\n                            \u003C\/div\u003E\n                        \u003C\/div\u003E\n                    \u003C\/div\u003E\n                \u003C\/div\u003E\n            \u003C\/div\u003E\n        \u003C\/div\u003E\n    \u003C\/div\u003E\n                \u003C\/div\u003E\n                                        \u003C\/div\u003E\n    \u003C\/div\u003E\n\u003C\/div\u003E\n","video":{"id":"23668","embedUrl":"https:\/\/www.casting.fr\/files\/videos\/mp4\/3b490e5fa12612a63fb4d25dfd521be3a45800a2.mp4","isUseExternalIdentifier":false,"sourceUrl":"https:\/\/www.casting.fr\/files\/videos\/mp4\/3b490e5fa12612a63fb4d25dfd521be3a45800a2.mp4","title":"Vid\u00e9o de pr\u00e9sentation","description":"Aimant le domaine de l\u0027art, j\u0027ai toujours \u00e9t\u00e9 attir\u00e9e par le milieu de la photographie en tant que mod\u00e8le ou dans le cin\u00e9ma en tant que figurante.\r\nSouriante et perseverante, je fais d\u0027abord \u00e7a pour le plaisir et n\u0027h\u00e9siterai pas \u00e0 faire le travail comme il se doit !\r\n\r\nToujours dans l\u0027esprit de voir plus loin, je suis ouverte \u00e0 l\u0027id\u00e9e d\u0027un r\u00f4le dans le cin\u00e9ma ou \u00e0 d\u0027autres propositions.\r\n\r\nR\u00eaver ne fait de mal \u00e0 personne !\r\n\r\nN\u0027h\u00e9sitez pas \u00e0 contacter !","type":"2"},"increment_view_count":true,"add_display_min_time":10}

Vidéo

<div id="video-detail-modal" class="modal fade" style=""  tabindex="-1" role="dialog">
    <div class="modal-dialog " role="document">
          <div class="modal-content">
                                              <div class="modal-body">
                      <div class="video-detail-modal-content">
        <div class="video-detail-content">

            <div class="video-detail-content-top">
                <div class="video-heading-infos">
                    <div class="row align-items-center">
                        <div class="col-12">
                            <div class="casting-heading casting-heading-primary casting-heading-border casting-heading-border-full">
                                <p class="h5 casting-heading-title">Vidéo de présentation</p>
                                <div class="casting-heading-tools">
                                    <button type="button" class="close" data-dismiss="modal" aria-label="Fermer"><span aria-hidden="true">&times;</span></button>
                                </div>
                            </div>
                            <p class="video-info-meta">
                                
                                                                                                    
                                
                                <span class="casting-video-date"><i class="fi flaticon-calendar"></i> <span class="lbl">28/04/2024</span></span>
                            </p>
                        </div>
                    </div>
                </div>
            </div>

            <div class="video-box">
                <div class="video-detail-preview">
                    <div class="embed-responsive embed-responsive-16by9 video video-type-2">
    <video class="embed-responsive-item" controls  poster="https://www.casting.fr/assets/cache/video_poster/video_preview/e/7/5/95c69288a4c5bc885c7f50fd896c81577995aa9c.jpg">
        <source src="https://www.casting.fr/files/videos/mp4/3b490e5fa12612a63fb4d25dfd521be3a45800a2.mp4" type="video/mp4">
        Your browser does not support the video tag or the file format of this video.    </video>
</div>
                </div>
            </div>

            <div class="video-detail-infos">
                <div class="row align-items-center">
                    <div class="col-12">
                        <div class="casting-heading">
                            <div class="casting-heading-tools">
                                <div class="video-info-meta">
                                    <span class="casting-video-artist"><i class="fi flaticon-user"></i> Melnnelson</span>
                                    <span class="casting-video-duration"><i class="fi flaticon-clock"></i> 01:36</span>
                                </div>
                            </div>
                        </div>
                    </div>

                    <div class="col-12">
                        <div class="video-detail-description">
                            <div class="wysiwyg-content">
                                Aimant le domaine de l&#039;art, j&#039;ai toujours été attirée par le milieu de la photographie en tant que modèle ou dans le cinéma en tant que figurante.<br />
Souriante et perseverante, je fais d&#039;abord ça pour le plaisir et n&#039;hésiterai pas à faire le travail comme il se doit !<br />
<br />
Toujours dans l&#039;esprit de voir plus loin, je suis ouverte à l&#039;idée d&#039;un rôle dans le cinéma ou à d&#039;autres propositions.<br />
<br />
Rêver ne fait de mal à personne !<br />
<br />
N&#039;hésitez pas à contacter !
                            </div>
                        </div>
                    </div>
                </div>
            </div>
        </div>
    </div>
                </div>
                                        </div>
    </div>
</div>

Vidéo de présentation

Aimant le domaine de l'art, j'ai toujours été attirée par le milieu de la photographie en tant que modèle ou dans le cinéma en tant que figurante.
Souriante et perseverante, je fais d'abord ça pour le plaisir et n'hésiterai pas à faire le travail comme il se doit !

Toujours dans l'esprit de voir plus loin, je suis ouverte à l'idée d'un rôle dans le cinéma ou à d'autres propositions.

Rêver ne fait de mal à personne !

N'hésitez pas à contacter !
